{"id":624,"date":"2022-11-05T12:52:35","date_gmt":"2022-11-05T12:52:35","guid":{"rendered":"https:\/\/enerka.net\/?page_id=624"},"modified":"2022-11-17T10:07:22","modified_gmt":"2022-11-17T10:07:22","slug":"politica-de-privadesa","status":"publish","type":"page","link":"https:\/\/enerka.net\/ca\/politica-de-privadesa\/","title":{"rendered":"Pol\u00edtica de privadesa"},"content":{"rendered":"<p>[et_pb_section fb_built=&#8221;1&#8243; _builder_version=&#8221;4.17.4&#8243; _module_preset=&#8221;default&#8221; background_enable_color=&#8221;off&#8221; use_background_color_gradient=&#8221;on&#8221; background_color_gradient_stops=&#8221;#ffffff 2%|#ff7029 99%&#8221; background_image=&#8221;https:\/\/enerka.net\/wp-content\/uploads\/2022\/07\/enerka-paneles-solares.jpg&#8221; background_blend=&#8221;multiply&#8221; global_colors_info=&#8221;{}&#8221;][et_pb_row _builder_version=&#8221;4.17.4&#8243; _module_preset=&#8221;default&#8221; width=&#8221;90%&#8221; max_width=&#8221;740px&#8221; max_width_tablet=&#8221;740px&#8221; max_width_phone=&#8221;740px&#8221; max_width_last_edited=&#8221;on|desktop&#8221; global_colors_info=&#8221;{}&#8221;][et_pb_column type=&#8221;4_4&#8243; _builder_version=&#8221;4.17.4&#8243; _module_preset=&#8221;default&#8221; global_colors_info=&#8221;{}&#8221;][et_pb_text module_class=&#8221;font-1&#8243; _builder_version=&#8221;4.17.4&#8243; _dynamic_attributes=&#8221;content&#8221; _module_preset=&#8221;default&#8221; text_font=&#8221;|700|||||||&#8221; text_text_color=&#8221;#FFFFFF&#8221; text_font_size=&#8221;42px&#8221; text_line_height=&#8221;1.2em&#8221; text_orientation=&#8221;center&#8221; text_text_shadow_style=&#8221;preset1&#8243; global_colors_info=&#8221;{}&#8221;]@ET-DC@eyJkeW5hbWljIjp0cnVlLCJjb250ZW50IjoicG9zdF90aXRsZSIsInNldHRpbmdzIjp7ImJlZm9yZSI6IiIsImFmdGVyIjoiIn19@[\/et_pb_text][\/et_pb_column][\/et_pb_row][\/et_pb_section][et_pb_section fb_built=&#8221;1&#8243; _builder_version=&#8221;4.17.4&#8243; _module_preset=&#8221;default&#8221; background_enable_color=&#8221;off&#8221; use_background_color_gradient=&#8221;on&#8221; background_color_gradient_stops=&#8221;#fcf7f7 75%|#ffffff 100%&#8221; custom_margin=&#8221;||0px||false|false&#8221; custom_padding=&#8221;||0px||false|false&#8221; global_colors_info=&#8221;{}&#8221;][et_pb_row _builder_version=&#8221;4.17.4&#8243; _module_preset=&#8221;default&#8221; width=&#8221;90%&#8221; custom_padding=&#8221;||||false|false&#8221; global_colors_info=&#8221;{}&#8221;][et_pb_column type=&#8221;4_4&#8243; _builder_version=&#8221;4.17.4&#8243; _module_preset=&#8221;default&#8221; global_colors_info=&#8221;{}&#8221;][et_pb_text _builder_version=&#8221;4.17.4&#8243; _module_preset=&#8221;default&#8221; text_font=&#8221;|300|||||||&#8221; text_font_size=&#8221;18px&#8221; text_line_height=&#8221;1.8em&#8221; header_2_font=&#8221;|700|||||||&#8221; header_2_text_color=&#8221;#FF7029&#8243; header_2_font_size=&#8221;24px&#8221; header_3_font=&#8221;|700|||||||&#8221; header_3_font_size=&#8221;20px&#8221; global_colors_info=&#8221;{}&#8221;]En ENERKA ENERGIA I CALOR SL nos preocupamos por la privacidad y la transparencia.<\/p>\n<p>A continuaci\u00f3n, le indicamos en detalle los tratamientos de datos personales que realizamos, as\u00ed como toda la informaci\u00f3n relativa a los mismos.<\/p>\n<h3>\u00bfQui\u00e9n es el responsable del tratamiento de sus datos?<\/h3>\n<p>ENERKA ENERGIA I CALOR SL<\/p>\n<p>B65469157<\/p>\n<p>C\/ Dr. Pascual Oms 7, 1r 1a &#8211; 25724 &#8211; Martinet &#8211; Lledia<\/p>\n<h3>\u00bfCu\u00e1les son sus derechos cuando nos facilita sus datos?<\/h3>\n<p>Cualquier persona tiene derecho a obtener confirmaci\u00f3n sobre si en ENERKA ENERGIA I CALOR SL estamos tratando, o no, datos personales que les conciernan.<\/p>\n<p>Las personas interesadas tienen derecho a acceder a sus datos personales, as\u00ed como a solicitar la rectificaci\u00f3n de los datos inexactos o, en su caso, solicitar su supresi\u00f3n cuando, entre otros motivos, los datos ya no sean necesarios para los fines que fueron recogidos. Igualmente tiene derecho a la portabilidad de sus datos.<\/p>\n<p>En determinadas circunstancias, los interesados podr\u00e1n solicitar la limitaci\u00f3n del tratamiento de sus datos, en cuyo caso \u00fanicamente los conservaremos para el ejercicio o la defensa de reclamaciones.<\/p>\n<p>En determinadas circunstancias y por motivos relacionados con su situaci\u00f3n particular, los interesados podr\u00e1n oponerse al tratamiento de sus datos. En este caso, ENERKA ENERGIA I CALOR SL dejar\u00e1 de tratar los datos, salvo por motivos leg\u00edtimos imperiosos, o el ejercicio o la defensa de posibles reclamaciones.<\/p>\n<p>Podr\u00e1 ejercitar materialmente sus derechos de la siguiente forma: dirigi\u00e9ndose a info@enerka.net o C\/ Sant Andreu de la Barca, 9 Local 2. 08760 Martorell &#8211; Barcelona.<\/p>\n<p>Cuando se realice el env\u00edo de comunicaciones comerciales utilizando como base jur\u00eddica el inter\u00e9s leg\u00edtimo del responsable, el interesado podr\u00e1 oponerse al tratamiento de sus datos con ese fin.<\/p>\n<p>Si ha otorgado su consentimiento para alguna finalidad concreta, tiene derecho a retirar el consentimiento otorgado en cualquier momento, sin que ello afecte a la licitud del tratamiento basado en el consentimiento previo a su retirada.<\/p>\n<p>En caso de que sienta vulnerados sus derechos en lo concerniente a la protecci\u00f3n de sus datos personales, especialmente cuando no haya obtenido satisfacci\u00f3n en el ejercicio de sus derechos, puede presentar una reclamaci\u00f3n ante la Autoridad de Control en materia de Protecci\u00f3n de Datos competente a trav\u00e9s de su sitio web: <a href=\"http:\/\/www.aepd.es\">www.aepd.es<\/a>.<\/p>\n<h2>1. Tratamiento de los datos de los contactos web<\/h2>\n<h3>\u00bfCon qu\u00e9 finalidad tratamos sus datos personales?<\/h3>\n<p>En ENERKA ENERGIA I CALOR SL tratamos la informaci\u00f3n que nos facilitan las personas interesadas con el fin de realizar la gesti\u00f3n de potenciales clientes que se han interesado sobre nuestros productos y\/o servicios, as\u00ed como otros contactos comerciales y realizar, en su caso, el env\u00edo de comunicaciones promocionales, inclusive por v\u00eda electr\u00f3nica. En el caso de que no facilite sus datos personales, no podremos cumplir con las finalidades descritas. No se van a tomar decisiones automatizadas en base a los datos proporcionados.<\/p>\n<h3>\u00bfPor cu\u00e1nto tiempo conservaremos sus datos?<\/h3>\n<p>Los datos se conservar\u00e1n mientras el interesado no solicite su supresi\u00f3n.<\/p>\n<h3>\u00bfCu\u00e1l es la legitimaci\u00f3n para el tratamiento de sus datos?<\/h3>\n<p>Le indicamos la base legal para el tratamiento de sus datos:<\/p>\n<ul>\n<li>Ejecuci\u00f3n de un contrato: Atender su solicitud.<\/li>\n<li>Consentimiento del interesado: Atender su solicitud y enviarle comunicaciones promocionales y\/o newsletter.<\/li>\n<\/ul>\n<h3>\u00bfA qu\u00e9 destinatarios se comunicar\u00e1n sus datos?<\/h3>\n<p>No se ceder\u00e1n datos a terceros, salvo obligaci\u00f3n legal.<\/p>\n<p>Transferencias de datos a terceros pa\u00edses<\/p>\n<p>No est\u00e1n previstas transferencias de datos a terceros pa\u00edses.<\/p>\n<h3>\u00bfC\u00f3mo hemos obtenido sus datos?<\/h3>\n<p>Los datos personales que tratamos en ENERKA ENERGIA I CALOR SL proceden de: El propio interesado.<\/p>\n<h2>2. Tratamiento de los datos del correo electr\u00f3nico<\/h2>\n<h3>\u00bfCon qu\u00e9 finalidad tratamos sus datos personales?<\/h3>\n<p>En ENERKA ENERGIA I CALOR SL tratamos la informaci\u00f3n que nos facilitan las personas interesadas con el fin de prestarle los servicios que nos ha solicitado, atender sus solicitudes de informaci\u00f3n y enviarle comunicaciones comerciales. En el caso de que no facilite sus datos personales, no podremos cumplir con las finalidades descritas. No se van a tomar decisiones automatizadas en base a los datos proporcionados.<\/p>\n<h3>\u00bfPor cu\u00e1nto tiempo conservaremos sus datos?<\/h3>\n<p>Los datos se conservar\u00e1n mientras el interesado no solicite su supresi\u00f3n.<\/p>\n<h3>\u00bfCu\u00e1l es la legitimaci\u00f3n para el tratamiento de sus datos?<\/h3>\n<p>Le indicamos la base legal para el tratamiento de sus datos:<\/p>\n<ul>\n<li>Ejecuci\u00f3n de un contrato: Atender su solicitud.<\/li>\n<li>Consentimiento del interesado: Env\u00edo de comunicaciones comerciales.<\/li>\n<li>Inter\u00e9s leg\u00edtimo del Responsable: Contacto y env\u00edo de comunicaciones comerciales en base al inter\u00e9s demostrado.<\/li>\n<\/ul>\n<h3>\u00bfA qu\u00e9 destinatarios se comunicar\u00e1n sus datos?<\/h3>\n<p>Los datos se comunicar\u00e1n a los siguientes destinatarios:<\/p>\n<ul>\n<li>Energia Viva Spain SL, con la finalidad de realizar la gesti\u00f3n administrativa y organizativa<\/li>\n<\/ul>\n<p>Transferencias de datos a terceros pa\u00edses<\/p>\n<p>No est\u00e1n previstas transferencias de datos a terceros pa\u00edses.<\/p>\n<h3>\u00bfC\u00f3mo hemos obtenido sus datos?<\/h3>\n<p>Los datos personales que tratamos en ENERKA ENERGIA I CALOR SL proceden de: El propio interesado.<br \/>\n[\/et_pb_text][\/et_pb_column][\/et_pb_row][\/et_pb_section]<\/p>\n","protected":false},"excerpt":{"rendered":"<p>En ENERKA ENERGIA I CALOR SL nos preocupamos por la privacidad y la transparencia. A continuaci\u00f3n, le indicamos en detalle los tratamientos de datos personales que realizamos, as\u00ed como toda la informaci\u00f3n relativa a los mismos. \u00bfQui\u00e9n es el responsable del tratamiento de sus datos? ENERKA ENERGIA I CALOR SL B65469157 C\/ Dr. Pascual Oms [&hellip;]<\/p>\n","protected":false},"author":1,"featured_media":0,"parent":0,"menu_order":0,"comment_status":"closed","ping_status":"open","template":"","meta":{"_et_pb_use_builder":"on","_et_pb_old_content":"","_et_gb_content_width":"","footnotes":""},"class_list":["post-624","page","type-page","status-publish","hentry"],"_links":{"self":[{"href":"https:\/\/enerka.net\/ca\/wp-json\/wp\/v2\/pages\/624","targetHints":{"allow":["GET"]}}],"collection":[{"href":"https:\/\/enerka.net\/ca\/wp-json\/wp\/v2\/pages"}],"about":[{"href":"https:\/\/enerka.net\/ca\/wp-json\/wp\/v2\/types\/page"}],"author":[{"embeddable":true,"href":"https:\/\/enerka.net\/ca\/wp-json\/wp\/v2\/users\/1"}],"replies":[{"embeddable":true,"href":"https:\/\/enerka.net\/ca\/wp-json\/wp\/v2\/comments?post=624"}],"version-history":[{"count":4,"href":"https:\/\/enerka.net\/ca\/wp-json\/wp\/v2\/pages\/624\/revisions"}],"predecessor-version":[{"id":708,"href":"https:\/\/enerka.net\/ca\/wp-json\/wp\/v2\/pages\/624\/revisions\/708"}],"wp:attachment":[{"href":"https:\/\/enerka.net\/ca\/wp-json\/wp\/v2\/media?parent=624"}],"curies":[{"name":"wp","href":"https:\/\/api.w.org\/{rel}","templated":true}]}}

Política de privadesa

<p>[et_pb_section fb_built=&#8221;1&#8243; _builder_version=&#8221;4.17.4&#8243; _module_preset=&#8221;default&#8221; background_enable_color=&#8221;off&#8221; use_background_color_gradient=&#8221;on&#8221; background_color_gradient_stops=&#8221;#ffffff 2%|#ff7029 99%&#8221; background_image=&#8221;https://enerka.net/wp-content/uploads/2022/07/enerka-paneles-solares.jpg&#8221; background_blend=&#8221;multiply&#8221; global_colors_info=&#8221;{}&#8221;][et_pb_row _builder_version=&#8221;4.17.4&#8243; _module_preset=&#8221;default&#8221; width=&#8221;90%&#8221; max_width=&#8221;740px&#8221; max_width_tablet=&#8221;740px&#8221; max_width_phone=&#8221;740px&#8221; max_width_last_edited=&#8221;on|desktop&#8221; global_colors_info=&#8221;{}&#8221;][et_pb_column type=&#8221;4_4&#8243; _builder_version=&#8221;4.17.4&#8243; _module_preset=&#8221;default&#8221; global_colors_info=&#8221;{}&#8221;][et_pb_text module_class=&#8221;font-1&#8243; _builder_version=&#8221;4.17.4&#8243; _dynamic_attributes=&#8221;content&#8221; _module_preset=&#8221;default&#8221; text_font=&#8221;|700|||||||&#8221; text_text_color=&#8221;#FFFFFF&#8221; text_font_size=&#8221;42px&#8221; text_line_height=&#8221;1.2em&#8221; text_orientation=&#8221;center&#8221; text_text_shadow_style=&#8221;preset1&#8243; global_colors_info=&#8221;{}&#8221;]@ET-DC@eyJkeW5hbWljIjp0cnVlLCJjb250ZW50IjoicG9zdF90aXRsZSIsInNldHRpbmdzIjp7ImJlZm9yZSI6IiIsImFmdGVyIjoiIn19@[/et_pb_text][/et_pb_column][/et_pb_row][/et_pb_section][et_pb_section fb_built=&#8221;1&#8243; _builder_version=&#8221;4.17.4&#8243; _module_preset=&#8221;default&#8221; background_enable_color=&#8221;off&#8221; use_background_color_gradient=&#8221;on&#8221; background_color_gradient_stops=&#8221;#fcf7f7 75%|#ffffff 100%&#8221; custom_margin=&#8221;||0px||false|false&#8221; custom_padding=&#8221;||0px||false|false&#8221; global_colors_info=&#8221;{}&#8221;][et_pb_row _builder_version=&#8221;4.17.4&#8243; _module_preset=&#8221;default&#8221; width=&#8221;90%&#8221; custom_padding=&#8221;||||false|false&#8221; global_colors_info=&#8221;{}&#8221;][et_pb_column type=&#8221;4_4&#8243; _builder_version=&#8221;4.17.4&#8243; _module_preset=&#8221;default&#8221; global_colors_info=&#8221;{}&#8221;][et_pb_text _builder_version=&#8221;4.17.4&#8243; _module_preset=&#8221;default&#8221; text_font=&#8221;|300|||||||&#8221; text_font_size=&#8221;18px&#8221; text_line_height=&#8221;1.8em&#8221; header_2_font=&#8221;|700|||||||&#8221; header_2_text_color=&#8221;#FF7029&#8243; header_2_font_size=&#8221;24px&#8221; header_3_font=&#8221;|700|||||||&#8221; header_3_font_size=&#8221;20px&#8221; global_colors_info=&#8221;{}&#8221;]En ENERKA ENERGIA I CALOR SL nos preocupamos por la privacidad y la transparencia.</p>
<p>A continuación, le indicamos en detalle los tratamientos de datos personales que realizamos, así como toda la información relativa a los mismos.</p>
<h3>¿Quién es el responsable del tratamiento de sus datos?</h3>
<p>ENERKA ENERGIA I CALOR SL</p>
<p>B65469157</p>
<p>C/ Dr. Pascual Oms 7, 1r 1a &#8211; 25724 &#8211; Martinet &#8211; Lledia</p>
<h3>¿Cuáles son sus derechos cuando nos facilita sus datos?</h3>
<p>Cualquier persona tiene derecho a obtener confirmación sobre si en ENERKA ENERGIA I CALOR SL estamos tratando, o no, datos personales que les conciernan.</p>
<p>Las personas interesadas tienen derecho a acceder a sus datos personales, así como a solicitar la rectificación de los datos inexactos o, en su caso, solicitar su supresión cuando, entre otros motivos, los datos ya no sean necesarios para los fines que fueron recogidos. Igualmente tiene derecho a la portabilidad de sus datos.</p>
<p>En determinadas circunstancias, los interesados podrán solicitar la limitación del tratamiento de sus datos, en cuyo caso únicamente los conservaremos para el ejercicio o la defensa de reclamaciones.</p>
<p>En determinadas circunstancias y por motivos relacionados con su situación particular, los interesados podrán oponerse al tratamiento de sus datos. En este caso, ENERKA ENERGIA I CALOR SL dejará de tratar los datos, salvo por motivos legítimos imperiosos, o el ejercicio o la defensa de posibles reclamaciones.</p>
<p>Podrá ejercitar materialmente sus derechos de la siguiente forma: dirigiéndose a info@enerka.net o C/ Sant Andreu de la Barca, 9 Local 2. 08760 Martorell &#8211; Barcelona.</p>
<p>Cuando se realice el envío de comunicaciones comerciales utilizando como base jurídica el interés legítimo del responsable, el interesado podrá oponerse al tratamiento de sus datos con ese fin.</p>
<p>Si ha otorgado su consentimiento para alguna finalidad concreta, tiene derecho a retirar el consentimiento otorgado en cualquier momento, sin que ello afecte a la licitud del tratamiento basado en el consentimiento previo a su retirada.</p>
<p>En caso de que sienta vulnerados sus derechos en lo concerniente a la protección de sus datos personales, especialmente cuando no haya obtenido satisfacción en el ejercicio de sus derechos, puede presentar una reclamación ante la Autoridad de Control en materia de Protección de Datos competente a través de su sitio web: <a href="http://www.aepd.es">www.aepd.es</a>.</p>
<h2>1. Tratamiento de los datos de los contactos web</h2>
<h3>¿Con qué finalidad tratamos sus datos personales?</h3>
<p>En ENERKA ENERGIA I CALOR SL tratamos la información que nos facilitan las personas interesadas con el fin de realizar la gestión de potenciales clientes que se han interesado sobre nuestros productos y/o servicios, así como otros contactos comerciales y realizar, en su caso, el envío de comunicaciones promocionales, inclusive por vía electrónica. En el caso de que no facilite sus datos personales, no podremos cumplir con las finalidades descritas. No se van a tomar decisiones automatizadas en base a los datos proporcionados.</p>
<h3>¿Por cuánto tiempo conservaremos sus datos?</h3>
<p>Los datos se conservarán mientras el interesado no solicite su supresión.</p>
<h3>¿Cuál es la legitimación para el tratamiento de sus datos?</h3>
<p>Le indicamos la base legal para el tratamiento de sus datos:</p>
<ul>
<li>Ejecución de un contrato: Atender su solicitud.</li>
<li>Consentimiento del interesado: Atender su solicitud y enviarle comunicaciones promocionales y/o newsletter.</li>
</ul>
<h3>¿A qué destinatarios se comunicarán sus datos?</h3>
<p>No se cederán datos a terceros, salvo obligación legal.</p>
<p>Transferencias de datos a terceros países</p>
<p>No están previstas transferencias de datos a terceros países.</p>
<h3>¿Cómo hemos obtenido sus datos?</h3>
<p>Los datos personales que tratamos en ENERKA ENERGIA I CALOR SL proceden de: El propio interesado.</p>
<h2>2. Tratamiento de los datos del correo electrónico</h2>
<h3>¿Con qué finalidad tratamos sus datos personales?</h3>
<p>En ENERKA ENERGIA I CALOR SL tratamos la información que nos facilitan las personas interesadas con el fin de prestarle los servicios que nos ha solicitado, atender sus solicitudes de información y enviarle comunicaciones comerciales. En el caso de que no facilite sus datos personales, no podremos cumplir con las finalidades descritas. No se van a tomar decisiones automatizadas en base a los datos proporcionados.</p>
<h3>¿Por cuánto tiempo conservaremos sus datos?</h3>
<p>Los datos se conservarán mientras el interesado no solicite su supresión.</p>
<h3>¿Cuál es la legitimación para el tratamiento de sus datos?</h3>
<p>Le indicamos la base legal para el tratamiento de sus datos:</p>
<ul>
<li>Ejecución de un contrato: Atender su solicitud.</li>
<li>Consentimiento del interesado: Envío de comunicaciones comerciales.</li>
<li>Interés legítimo del Responsable: Contacto y envío de comunicaciones comerciales en base al interés demostrado.</li>
</ul>
<h3>¿A qué destinatarios se comunicarán sus datos?</h3>
<p>Los datos se comunicarán a los siguientes destinatarios:</p>
<ul>
<li>Energia Viva Spain SL, con la finalidad de realizar la gestión administrativa y organizativa</li>
</ul>
<p>Transferencias de datos a terceros países</p>
<p>No están previstas transferencias de datos a terceros países.</p>
<h3>¿Cómo hemos obtenido sus datos?</h3>
<p>Los datos personales que tratamos en ENERKA ENERGIA I CALOR SL proceden de: El propio interesado.<br />
[/et_pb_text][/et_pb_column][/et_pb_row][/et_pb_section]</p>

<p>En ENERKA ENERGIA I CALOR SL nos preocupamos por la privacidad y la transparencia. A continuación, le indicamos en detalle los tratamientos de datos personales que realizamos, así como toda la información relativa a los mismos. ¿Quién es el responsable del tratamiento de sus datos? ENERKA ENERGIA I CALOR SL B65469157 C/ Dr. Pascual Oms [&hellip;]</p>
